 of 902?
True
Does 14 divide 62?
False
Is 2 a factor of 69?
False
Is 59 a factor of 1214?
False
Does 11 divide 229?
False
Is 595 a multiple of 10?
False
Is 10 a factor of 240?
True
Is 1309 a multiple of 24?
False
Is 21696 a multiple of 12?
True
Does 23 divide 2335?
False
Does 54 divide 746?
False
Is 97 a factor of 12901?
True
Is 13 a factor of 936?
True
Is 58299 a multiple of 7?
False
Does 49 divide 4793?
False
Is 6 a factor of 12035?
False
Does 7 divide 1827?
True
Is 11 a factor of 15125?
True
Is 9 a factor of 36?
True
Is 3 a factor of 77?
False
Is 16 a factor of 2320?
True
Is 1029 a multiple of 49?
True
Is 3212 a multiple of 73?
True
Is 22837 a multiple of 23?
False
Is 948 a multiple of 6?
True
Is 58 a factor of 1127?
False
Is 24281 a multiple of 80?
False
Is 9 a factor of 513?
True
Is 304 a multiple of 4?
True
Does 4 divide 5552?
True
Does 10 divide 190?
True
Is 2366 a multiple of 14?
True
Is 5605 a multiple of 19?
True
Does 4 divide 9571?
False
Is 8 a factor of 781?
False
Is 15 a factor of 33285?
True
Does 9 divide 21830?
False
Is 26520 a multiple of 20?
True
Is 250 a multiple of 6?
False
Is 39 a factor of 3991?
False
Is 82 a multiple of 7?
False
Is 4368 a multiple of 91?
True
Is 2131 a multiple of 3?
False
Is 55 a factor of 660?
True
Does 153 divide 8262?
True
Does 285 divide 102912?
False
Does 28 divide 2411?
False
Does 12 divide 1608?
True
Does 47 divide 32326?
False
Does 79 divide 7268?
True
Is 124 a factor of 2358?
False
Does 20 divide 13211?
False
Is 16243 a multiple of 37?
True
Is 7 a factor of 1865?
False
Is 17 a factor of 3445?
False
Is 3727 a multiple of 12?
False
Is 3 a factor of 123?
True
Does 6 divide 9613?
False
Does 57 divide 228?
True
Is 51 a factor of 966?
False
Is 18 a factor of 3204?
True
Does 62 divide 1288?
False
Does 30 divide 210?
True
Is 14 a factor of 980?
True
Is 13 a factor of 611?
True
Is 2281 a multiple of 34?
False
Is 121 a multiple of 39?
False
Is 12 a factor of 288?
True
Does 59 divide 1987?
False
Is 2 a factor of 3391?
False
Is 11 a factor of 4708?
True
Is 11 a factor of 608?
False
Is 616 a multiple of 77?
True
Does 11 divide 2597?
False
Is 816 a multiple of 34?
True
Does 14 divide 17836?
True
Is 18 a factor of 4659?
False
Is 1330 a multiple of 5?
True
Is 33117 a multiple of 206?
False
Is 3534 a multiple of 57?
True
Is 2295 a multiple of 7?
False
Is 108 a factor of 28230?
False
Is 60 a factor of 3840?
True
Is 4 a factor of 80?
True
Is 73 a factor of 8906?
True
Is 35151 a multiple of 24?
False
Does 41 divide 450?
False
Is 12 a factor of 4639?
False
Is 335 a multiple of 15?
False
Does 114 divide 9234?
True
Does 15 divide 65940?
True
Is 21 a factor of 7140?
True
Is 1313 a multiple of 13?
True
Is 18 a factor of 6714?
True
Does 11 divide 20889?
True
Is 57 a factor of 9405?
True
Is 44 a factor of 45432?
False
Is 31 a factor of 3162?
True
Is 9837 a multiple of 17?
False
Is 28 a factor of 1922?
False
Is 42721 a multiple of 119?
True
Does 61 divide 1891?
True
Is 78 a multiple of 3?
True
Does 50 divide 32600?
True
Is 165 a multiple of 11?
True
Is 96 a multiple of 2?
True
Is 21 a factor of 5964?
True
Does 6 divide 38?
False
Is 6 a factor of 326?
False
Is 32 even?
True
Is 5133 a multiple of 92?
False
Does 10 divide 537?
False
Is 231 a multiple of 14?
False
Is 1130 a multiple of 8?
False
Does 10 divide 16870?
True
Does 42 divide 5096?
False
Is 75 a factor of 70106?
False
Is 125 a multiple of 5?
True
Is 6 a factor of 162?
True
Is 1300 a multiple of 50?
True
Does 16 divide 14224?
True
Does 2 divide 123?
False
Is 7203 a multiple of 21?
True
Is 22 a factor of 506?
True
Is 165 a factor of 990?
True
Is 2779 even?
False
Is 25 a factor of 35525?
True
Is 1562 a multiple of 11?
True
Does 11 divide 1463?
True
Is 3 a factor of 2053?
False
Does 11 divide 28358?
True
Does 44 divide 34672?
True
Is 5922 a multiple of 9?
True
Does 20 divide 40600?
True
Does 21 divide 588?
True
Is 4736 a multiple of 64?
True
Is 7 a factor of 1624?
True
Is 45698 a multiple of 73?
True
Does 15 divide 540?
True
Is 4 a factor of 574?
False
Is 5 a factor of 65?
True
Is 25 a factor of 19263?
False
Does 12 divide 2040?
True
Is 12 a factor of 489?
False
Does 13 divide 2847?
True
Is 15 a factor of 17049?
False
Is 12 a factor of 39312?
True
Is 2672 a multiple of 75?
False
Is 46 a factor of 359?
False
Is 14 a factor of 431?
False
Is 14316 a multiple of 55?
False
Does 15 divide 6615?
True
Is 1863 a multiple of 9?
True
Is 5 a factor of 28978?
False
Is 1591 a multiple of 4?
False
Does 115 divide 3602?
False
Is 8647 a multiple of 3?
False
Does 4 divide 400?
True
Is 7 a factor of 8352?
False
Does 30 divide 32386?
False
Is 10108 a multiple of 14?
True
Is 345 even?
False
Does 23 divide 851?
True
Does 14 divide 350?
True
Is 10 a factor of 2600?
True
Is 6 a factor of 13700?
False
Is 3 a factor of 31?
False
Is 4 a factor of 1906?
False
Is 84 a factor of 3948?
True
Is 27 a multiple of 10?
False
Is 39 a factor of 404?
False
Does 13 divide 1052?
False
Is 4528 a multiple of 39?
False
Does 117 divide 19071?
True
Is 8292 a multiple of 50?
False
Is 47 a factor of 2679?
True
Is 24 a factor of 2232?
True
Is 14 a factor of 1624?
True
Is 93 a multiple of 3?
True
Is 15 a factor of 1920?
True
Is 1802 a multiple of 111?
False
Does 18 divide 33525?
False
Is 21 a factor of 1890?
True
Is 65 a multiple of 3?
False
Does 63 divide 1333?
False
Is 28 a multiple of 4?
True
Is 315 a multiple of 63?
True
Is 263 a factor of 49765?
False
Is 5003 a multiple of 57?
False
Is 2 a factor of 6505?
False
Is 61 a factor of 81374?
True
Does 8 divide 2096?
True
Is 12365 a multiple of 41?
False
Is 4 a factor of 552?
True
Does 39 divide 10602?
False
Does 23 divide 966?
True
Is 2853 a multiple of 28?
False
Is 11 a factor of 1274?
False
Is 750 a multiple of 2?
True
Is 782 a multiple of 18?
False
Is 9153 a multiple of 155?
False
Is 121 a factor of 45639?
False
Is 23 a factor of 11615?
True
Does 28 divide 26880?
True
Is 29309 a multiple of 53?
True
Is 86 a factor of 51378?
False
Is 44361 a multiple of 33?
False
Is 9 a factor of 7254?
True
Is 25 a factor of 776?
False
Is 24 a factor of 2208?
True
Does 15 divide 101956?
False
Does 26 divide 156?
True
Does 13 divide 10476?
False
Does 70 divide 7662?
False
Is 352 a multiple of 22?
True
Does 12 divide 610?
False
Does 10 divide 13475?
False
Is 10903 a multiple of 104?
False
Is 62707 a multiple of 14?
False
Is 62 a multiple of 31?
True
Is 23 a factor of 5832?
False
Does 6 divide 2322?
True
Is 1511 a multiple of 2?
False
Does 51 divide 16112?
False
Is 20 a factor of 38020?
True
Is 836 a multiple of 44?
True
Is 2 a factor of 60?
True
Does 57 divide 570?
True
Is 86 a multiple of 86?
True
Is 213 a factor of 17518?
False
Is 15399 a multiple of 177?
True
Does 31 divide 473?
False
Does 3 divide 840?
True
Does 31 divide 124?
True
Is 60204 a multiple of 234?
False
Is 2 a factor of 219?
False
Is 81 a factor of 81?
True
Does 15 divide 11565?
True
Is 22 a factor of 66?
True
Is 164205 a multiple of 89?
True
Does 20 divide 20?
True
Is 40 a factor of 2579?
False
Is 2475 a multiple of 33?
True
Does 2 divide 97?
False
Does 40 divide 26529?
False
Is 3120 a multiple of 78?
True
Is 7038 a multiple of 21?
False
Is 31 a factor of 1116?
True
Does 89 divide 2492?
True
Does 70 divide 11270?
True
Is 1355 a multiple of 32?
False
Is 6 a factor of 1449?
False
Is 50 a factor of 3019?
False
Does 10 divide 1389?
False
Is 67 a factor of 24834?
False
Is 17313 a multiple of 29?
True
Does 29 divide 3746?
False
Is 529 a multiple of 60?
False
Is 7525 a multiple of 2?
False
Is 7 a factor of 224?
True
Is 613 even?
False
Is 594 a multiple of 6?
True
Does 16 divide 6425?
False
Is 4 a factor of 248?
True
Is 2 a factor of 92?
True
Is 89047 a multiple of 117?
False
Is 21 a factor of 3256?
False
Is 2765 a multiple of 35?
True
Is 99093 a multiple of 201?
True
Is 2562 a multiple of 15?
False
Does 5 divide 290?
True
Does 55 divide 4370?
False
Is 9189 a multiple of 43?
False
Does 12 divide 408?
True
Does 85 divide 10370?
True
Is 1178 a multiple of 19?
True
Is 42 a factor of 565?
False
Is 2 a factor of 232?
True
Does 15 divide 1155?
True
Is 17253 a multiple of 27?
True
Is 1007 a multiple of 11?
False
Is 22 a factor of 30600?
False
Is 39 a factor of 624?
True
Does 192 divide 17088?
True
Is 41520 a multiple of 80?
True
I